{"id":1593,"date":"2022-05-01T09:36:38","date_gmt":"2022-05-01T09:36:38","guid":{"rendered":"https:\/\/www.vitasystems.es\/?page_id=1593"},"modified":"2022-05-01T09:45:22","modified_gmt":"2022-05-01T09:45:22","slug":"aviso-legal","status":"publish","type":"page","link":"https:\/\/www.vitasystems.es\/?page_id=1593","title":{"rendered":"Aviso Legal"},"content":{"rendered":"\t\t<div data-elementor-type=\"wp-page\" data-elementor-id=\"1593\" class=\"elementor elementor-1593\" data-elementor-settings=\"[]\">\n\t\t\t\t\t\t\t<div class=\"elementor-section-wrap\">\n\t\t\t\t\t\t\t<section class=\"elementor-section elementor-top-section elementor-element elementor-element-535051c1 elementor-section-boxed elementor-section-height-default elementor-section-height-default\" data-id=\"535051c1\" data-element_type=\"section\">\n\t\t\t\t\t\t<div class=\"elementor-container elementor-column-gap-default\">\n\t\t\t\t\t<div class=\"elementor-column elementor-col-100 elementor-top-column elementor-element elementor-element-64cc68a4\" data-id=\"64cc68a4\" data-element_type=\"column\">\n\t\t\t<div class=\"elementor-widget-wrap elementor-element-populated\">\n\t\t\t\t\t\t\t\t<div class=\"elementor-element elementor-element-7455547 elementor-widget elementor-widget-text-editor\" data-id=\"7455547\" data-element_type=\"widget\" data-widget_type=\"text-editor.default\">\n\t\t\t\t<div class=\"elementor-widget-container\">\n\t\t\t<style>\/*! elementor - v3.5.5 - 03-02-2022 *\/\n.elementor-widget-text-editor.elementor-drop-cap-view-stacked .elementor-drop-cap{background-color:#818a91;color:#fff}.elementor-widget-text-editor.elementor-drop-cap-view-framed .elementor-drop-cap{color:#818a91;border:3px solid;background-color:transparent}.elementor-widget-text-editor:not(.elementor-drop-cap-view-default) .elementor-drop-cap{margin-top:8px}.elementor-widget-text-editor:not(.elementor-drop-cap-view-default) .elementor-drop-cap-letter{width:1em;height:1em}.elementor-widget-text-editor .elementor-drop-cap{float:left;text-align:center;line-height:1;font-size:50px}.elementor-widget-text-editor .elementor-drop-cap-letter{display:inline-block}<\/style>\t\t\t\t<p><!-- wp:heading --><\/p>\n<h3 style=\"text-align: center;\">Qui\u00e9nes somos<\/h3>\n<p><!-- \/wp:heading --><!-- wp:paragraph --><\/p>\n<p>La direcci\u00f3n de nuestra web es: https:\/\/www.vitasystems.es<\/p>\n<p>\u00a0<\/p>\n<p><!-- \/wp:paragraph --><!-- wp:heading --><\/p>\n<p><strong>Con la finalidad de dar cumplimiento a las disposiciones recogidas en el art\u00edculo 10 de la Ley 34\/ 2002, de 11 de julio, de Servicios de la Sociedad de la Informaci\u00f3n y de Comercio Electr\u00f3nico, les facilitamos los siguientes datos de informaci\u00f3n general:\u00a0<\/strong><\/p>\n<p>\u00a0<\/p>\n<h5>Nombre o denominaci\u00f3n social:<\/h5>\n<p>VALENCIAN INFORMATION TECHNOLOGIES ASSISTANCE &amp; SYSTEMS, S.L.<\/p>\n<p>\u00a0<\/p>\n<h5>Domicilio social:<\/h5>\n<p>Av. Benjam\u00edn Franklin, 24, Oficina 4.5 Parque Tecnol\u00f3gico, CP 46980 Paterna, Valencia<\/p>\n<p>\u00a0<\/p>\n<h5>Datos registrales:<\/h5>\n<ul>\n<li style=\"list-style-type: none;\">\n<ul>\n<li>Registro Mercantil de Valencia, Tomo 10270, Libro [&#8230;], Folio 94, Hoja V-175799, Inscripci\u00f3n 1<\/li>\n<li>N.I.F.: B98909476<\/li>\n<li>Tel\u00e9fono: 963589236<\/li>\n<li>E-mail: info@vitasystems.es\u00a0<\/li>\n<\/ul>\n<\/li>\n<\/ul>\n<p>\u00a0<\/p>\n<h3 style=\"text-align: center;\">Legislaci\u00f3n Aplicable\u00a0<\/h3>\n<h2>\u00a0<\/h2>\n<p>El presente Aviso Legal se rige en todos y cada uno de sus extremos por la ley espa\u00f1ola, renunciando expresamente las partes al fuero que les corresponda, y someti\u00e9ndose a los Juzgados de Valencia.\u00a0<\/p>\n<h2>\u00a0<\/h2>\n<h3 style=\"text-align: center;\">Propiedad Intelectual e Industrial\u00a0<\/h3>\n<h2>\u00a0<\/h2>\n<p style=\"text-align: justify;\">Todos los contenidos del presente sitio web, incluyendo sin car\u00e1cter limitativo, textos, gr\u00e1ficos, im\u00e1genes, su dise\u00f1o y los derechos de propiedad intelectual que pudieran corresponder a dichos contenidos, as\u00ed como todas las marcas, nombres comerciales o cualquier otro signo distintivo son propiedad de esta entidad, quedando reservados todos los derechos sobre los mismos.\u00a0<\/p>\n<h2 style=\"text-align: justify;\">\u00a0<\/h2>\n<p style=\"text-align: justify;\">Queda prohibido cualquier acto de reproducci\u00f3n de los contenidos, en todo o en parte, en cualquier forma o medio, sea mec\u00e1nico, electr\u00f3nico, reprogr\u00e1fico u otro, as\u00ed como cualquier acto de difusi\u00f3n, comunicaci\u00f3n p\u00fablica o distribuci\u00f3n, sin la previa autorizaci\u00f3n por escrito de esta entidad.<\/p>\n<h2 style=\"text-align: justify;\">\u00a0<\/h2>\n<p style=\"text-align: justify;\">Esta entidad no ser\u00e1 responsable de los da\u00f1os o perjuicios que pudieran derivarse de la utilizaci\u00f3n de los contenidos por parte de los usuarios o de la infracci\u00f3n por parte de \u00e9stos de cualquier disposici\u00f3n legal vigente.<\/p>\n<h2>\u00a0<\/h2>\n<h3 style=\"text-align: center;\">Enlaces<\/h3>\n<h2>\u00a0<\/h2>\n<p style=\"text-align: justify;\">Esta entidad no asume ninguna responsabilidad sobre los enlaces externos que, en su caso, pudieran incluirse en el portal, ya que no tiene ning\u00fan tipo de control sobre los mismos, por lo que el usuario accede bajo su exclusiva responsabilidad al contenido y en las condiciones de uso que rijan en los mismos.\u00a0<\/p>\n<div>\u00a0<\/div>\n<p><!-- \/wp:paragraph --><\/p>\t\t\t\t\t\t<\/div>\n\t\t\t\t<\/div>\n\t\t\t\t\t<\/div>\n\t\t<\/div>\n\t\t\t\t\t\t\t<\/div>\n\t\t<\/section>\n\t\t\t\t\t\t<\/div>\n\t\t\t\t\t<\/div>\n\t\t","protected":false},"excerpt":{"rendered":"<p>Qui\u00e9nes somos La direcci\u00f3n de nuestra web es: https:\/\/www.vitasystems.es \u00a0 Con la finalidad de dar cumplimiento a las disposiciones recogidas en el art\u00edculo 10 de la Ley 34\/ 2002, de 11 de julio, de Servicios de la Sociedad de la Informaci\u00f3n y de Comercio Electr\u00f3nico, les facilitamos los siguientes datos de informaci\u00f3n general:\u00a0 \u00a0 Nombre &hellip;<\/p>\n<p class=\"read-more\"> <a class=\"\" href=\"https:\/\/www.vitasystems.es\/?page_id=1593\"> <span class=\"screen-reader-text\">Aviso Legal<\/span> Leer m\u00e1s &raquo;<\/a><\/p>\n","protected":false},"author":1,"featured_media":0,"parent":0,"menu_order":0,"comment_status":"closed","ping_status":"closed","template":"","meta":{"site-sidebar-layout":"default","site-content-layout":"default","ast-main-header-display":"","ast-hfb-above-header-display":"","ast-hfb-below-header-display":"","ast-hfb-mobile-header-display":"","site-post-title":"","ast-breadcrumbs-content":"","ast-featured-img":"","footer-sml-layout":"","theme-transparent-header-meta":"","adv-header-id-meta":"","stick-header-meta":"","header-above-stick-meta":"","header-main-stick-meta":"","header-below-stick-meta":"","footnotes":""},"class_list":["post-1593","page","type-page","status-publish","hentry"],"_links":{"self":[{"href":"https:\/\/www.vitasystems.es\/index.php?rest_route=\/wp\/v2\/pages\/1593","targetHints":{"allow":["GET"]}}],"collection":[{"href":"https:\/\/www.vitasystems.es\/index.php?rest_route=\/wp\/v2\/pages"}],"about":[{"href":"https:\/\/www.vitasystems.es\/index.php?rest_route=\/wp\/v2\/types\/page"}],"author":[{"embeddable":true,"href":"https:\/\/www.vitasystems.es\/index.php?rest_route=\/wp\/v2\/users\/1"}],"replies":[{"embeddable":true,"href":"https:\/\/www.vitasystems.es\/index.php?rest_route=%2Fwp%2Fv2%2Fcomments&post=1593"}],"version-history":[{"count":13,"href":"https:\/\/www.vitasystems.es\/index.php?rest_route=\/wp\/v2\/pages\/1593\/revisions"}],"predecessor-version":[{"id":1606,"href":"https:\/\/www.vitasystems.es\/index.php?rest_route=\/wp\/v2\/pages\/1593\/revisions\/1606"}],"wp:attachment":[{"href":"https:\/\/www.vitasystems.es\/index.php?rest_route=%2Fwp%2Fv2%2Fmedia&parent=1593"}],"curies":[{"name":"wp","href":"https:\/\/api.w.org\/{rel}","templated":true}]}}